{"id":1858,"date":"2025-05-09T14:00:33","date_gmt":"2025-05-09T18:00:33","guid":{"rendered":"https:\/\/serfamiliabolivia.org\/?page_id=1858"},"modified":"2025-05-14T11:00:09","modified_gmt":"2025-05-14T15:00:09","slug":"economia-verde-y-circular","status":"publish","type":"page","link":"https:\/\/serfamiliabolivia.org\/?page_id=1858","title":{"rendered":"Econom\u00eda Verde Y Circular"},"content":{"rendered":"\n\n\n<h2 style=\"color: rgb(255, 255, 255);\">ECONOMIA VERDE Y CIRCULAR<\/h2>\n\n\n\n\n<p style=\"text-align: justify;\">La triple crisis planetaria, se refiere a los tres principales problemas interrelacionados que enfrenta la humanidad en la actualidad; El cambio clim\u00e1tico, la contaminaci\u00f3n y la p\u00e9rdida de la biodiversidad. Con el desarrollo demogr\u00e1fico exponencial de las ciudades, el problema de la basura crece a un ritmo acelerado, sin soluciones sostenibles ni adecuadas para su manejo apropiado.&nbsp;<\/p><p style=\"text-align: justify;\">Seg\u00fan datos del Instituto Nacional Estad\u00edsticas (2017), 83% de los residuos s\u00f3lidos provienen de los hogares, 10% de los mercados, 4% de la industria y mataderos, 2% de \u00e1reas p\u00fablicas y 1% de hospitales.&nbsp;<\/p><p style=\"text-align: justify;\">La econom\u00eda verde y circular en Bolivia ha emergido como una estrategia clave para abordar los desaf\u00edos ambientales y promover un desarrollo sostenible. Bolivia, con su rica biodiversidad y vastos recursos naturales, enfrenta presiones significativas debido a pr\u00e1cticas econ\u00f3micas tradicionales que han llevado a la degradaci\u00f3n ambiental. En respuesta, el pa\u00eds ha comenzado a adoptar modelos de econom\u00eda verde y circular, buscando un equilibrio entre desarrollo econ\u00f3mico y sostenibilidad ambiental.<\/p>\n\n\n\n\n<p style=\"text-align: justify;\">Ser Familia con la implementaci\u00f3n de sus proyectos, se suma al esfuerzo de contribuir a los pasos significativos hacia la adopci\u00f3n de econom\u00edas verde y circular. Si bien existen desaf\u00edos estructurales y sociales, consideramos importante el compromiso creciente con un enfoque; de integralidad entre el desarrollo humano social y el desarrollo econ\u00f3mico productivo; complementariedad entre el gobierno, organizaciones internacionales, sector privado y sociedad civil y sostenibilidad que conlleven el de mantenerse en el tiempo.<\/p>\n\n\n\n\n\n\n\n<p style=\"text-align: justify;\">Ser Familia, como organizaci\u00f3n dedicada al desarrollo humano y la inclusi\u00f3n socioecon\u00f3mica, puede jugar un rol estrat\u00e9gico en la transici\u00f3n hacia una econom\u00eda verde y circular, combinando sus acciones sociales con un enfoque de sostenibilidad ambiental.<\/p><p style=\"text-align: justify;\">Entendemos por econom\u00eda verde y circular, vinculado a promover el bienestar humano y la equidad social, reduciendo los riesgos ambientales y la escasez ecol\u00f3gica, adem\u00e1s de proponer que se implemente un modelo de producci\u00f3n y consumo basado en reutilizar, reparar, renovar y reciclar materiales y productos existentes.<\/p><p style=\"text-align: justify;\">Para ello las l\u00edneas de acci\u00f3n son:&nbsp;<\/p>\n\n\n\n\n<h6 style=\"color: rgb(255, 255, 255);\">Capacitaci\u00f3n en:<\/h6>\n\n\n<h6 style=\"color: rgb(255, 255, 255);\">Apoyo a emprendimientos sostenibles (juveniles y de mujeres)<\/h6>\n\n\n<h6 style=\"color: rgb(255, 255, 255);\">Educaci\u00f3n ambiental con enfoque neuroeducativo<\/h6>\n\n\n\n\n\nEnerg\u00edas renovables\nAgroecolog\u00eda y producci\u00f3n sostenible\nGesti\u00f3n de residuos s\u00f3lidos\nReciclaje, compostaje y econom\u00eda circular urbana\n\n\n\n\nProductos reutilizables\nNegocios con insumos reciclados o biodegradables\nServicios ecol\u00f3gicos (limpieza verde, moda circular, etc.)\nPintar de verde los emprendimientos productivos y de servicio\n\n\n\n\nConciencia ambiental\nNeurociencia del cambio de h\u00e1bitos sostenibles\nEducaci\u00f3n emocional para el cuidado del entorno\nAutocuidado\n\n\n\n\n\n<p style=\"text-align: justify;\">Para ello se desarrollan acciones que tengan estrecha vinculaci\u00f3n con gobiernos locales y nacional para programas de empleabilidad verde, y alianzas (p\u00fablico-privadas) con empresas circulares para pr\u00e1cticas profesionales o empleo juvenil.<\/p><p style=\"text-align: justify;\"><br><\/p><p style=\"text-align: justify;\">El programa est\u00e1 enfocado a cumplir los Objetivos de Desarrollo Sostenible: ODS 11, Meta 6: Reducir el impacto ambiental negativo per c\u00e1pita de las ciudades, prestando especial atenci\u00f3n a la gesti\u00f3n de residuos; ODS 12, meta 5: De aqu\u00ed a 2030, reducir considerablemente la generaci\u00f3n de desechos mediante actividades de prevenci\u00f3n, reducci\u00f3n, reciclado y reutilizaci\u00f3n; ODS 13, meta 3 Mejorar la educaci\u00f3n, la sensibilizaci\u00f3n y la capacidad humana e institucional respecto de la mitigaci\u00f3n del cambio clim\u00e1tico, la adaptaci\u00f3n a \u00e9l, la reducci\u00f3n de sus efectos.<\/p><p style=\"text-align: justify;\"><br><\/p><p style=\"text-align: justify;\">A lo largo del tiempo de vida de la Fundaci\u00f3n Ser Familia, en el programa de Econom\u00eda verde y circular, se implementaron los siguientes proyectos:<\/p><p style=\"text-align: justify;\">&nbsp;<\/p>\n\n\n\n\n<h1 style=\"color: rgb(161, 0, 0);\">Financiador<\/h1>\n\n\n<h1 style=\"color: rgb(161, 0, 0);\">Proyecto<\/h1>\n\n\n\n\n<h6 style=\"color: rgb(255, 255, 255);\">FUNDACI\u00d3N SKAT<\/h6>\n\n\n<p style=\"color: rgb(255, 255, 255);\">Mujeres y j\u00f3venes bolivianos por una inserci\u00f3n laboral sostenible ATREVE-T<\/p>\n\n\n\n\n<h6>FUNDACI\u00d3N SKAT<\/h6>\n\n\n<p>Integraci\u00f3n y reintegraci\u00f3n de las mujeres bolivianas y j\u00f3venes en el mercado laboral, con un enfoque en la sostenibilidad y gesti\u00f3n de residuos.<\/p>\n\n\n\n\n\n\n","protected":false},"excerpt":{"rendered":"","protected":false},"author":1,"featured_media":0,"parent":0,"menu_order":0,"comment_status":"closed","ping_status":"closed","template":"","meta":{"pagelayer_contact_templates":[],"_pagelayer_content":"","footnotes":""},"class_list":["post-1858","page","type-page","status-publish","hentry"],"_links":{"self":[{"href":"https:\/\/serfamiliabolivia.org\/index.php?rest_route=\/wp\/v2\/pages\/1858","targetHints":{"allow":["GET"]}}],"collection":[{"href":"https:\/\/serfamiliabolivia.org\/index.php?rest_route=\/wp\/v2\/pages"}],"about":[{"href":"https:\/\/serfamiliabolivia.org\/index.php?rest_route=\/wp\/v2\/types\/page"}],"author":[{"embeddable":true,"href":"https:\/\/serfamiliabolivia.org\/index.php?rest_route=\/wp\/v2\/users\/1"}],"replies":[{"embeddable":true,"href":"https:\/\/serfamiliabolivia.org\/index.php?rest_route=%2Fwp%2Fv2%2Fcomments&post=1858"}],"version-history":[{"count":25,"href":"https:\/\/serfamiliabolivia.org\/index.php?rest_route=\/wp\/v2\/pages\/1858\/revisions"}],"predecessor-version":[{"id":1970,"href":"https:\/\/serfamiliabolivia.org\/index.php?rest_route=\/wp\/v2\/pages\/1858\/revisions\/1970"}],"wp:attachment":[{"href":"https:\/\/serfamiliabolivia.org\/index.php?rest_route=%2Fwp%2Fv2%2Fmedia&parent=1858"}],"curies":[{"name":"wp","href":"https:\/\/api.w.org\/{rel}","templated":true}]}}