{"id":379,"date":"2024-10-10T13:41:16","date_gmt":"2024-10-10T17:41:16","guid":{"rendered":"https:\/\/serfamiliabolivia.org\/?page_id=379"},"modified":"2026-04-12T17:20:14","modified_gmt":"2026-04-12T21:20:14","slug":"atrevet","status":"publish","type":"page","link":"https:\/\/serfamiliabolivia.org\/?page_id=379","title":{"rendered":"Atreve-T"},"content":{"rendered":"\n\n\n\n\n\n\n\n\n<h2>EN EJECUCI\u00d3N<\/h2>\n\n\n\n\n\n<p class=\"MsoNormal\"><strong>Proyecto:<\/strong> Mujeres y j\u00f3venes bolivianos por una inserci\u00f3n laboral\nsostenible <strong><span style=\"letter-spacing:\n-.1pt\">ATREVE-T<o:p><\/o:p><\/span><\/strong><\/p>\n<strong>Financiador:<\/strong>\nSKAT FOUNDATION<p class=\"MsoNormal\" style=\"margin-bottom:0cm;line-height:normal\"><o:p><\/o:p><\/p>\n<strong>Ejecuci\u00f3n:<\/strong>&nbsp;Junio 2024 \u2013 Junio 2026<p class=\"MsoNormal\"><o:p><\/o:p><\/p>\n<p class=\"MsoNormal\"><strong>Pa\u00eds:<\/strong> Bolivia<o:p><\/o:p><\/p>\n<strong>Localizaci\u00f3n:<\/strong> Municipios de La Paz, El Alto, Achocalla y Viacha<p class=\"MsoNormal\"><o:p><\/o:p><\/p>\n\n\n\n\n\n<p class=\"MsoNormal\" style=\"text-align:justify;text-justify:inter-ideograph\">Descripci\u00f3n\ndel proyecto: El proyecto se basa en la conjunci\u00f3n de dos enfoques:\nhumano-social y econ\u00f3mico-productivo, que permite ver las intervenciones\nconsiderando los pilares: complementariedad, integralidad y sostenibilidad.\nPara ello, se cuenta con el \u00abmodelo de gesti\u00f3n para la inserci\u00f3n al\nmercado laboral\u00bb, que propone un conjunto de indicadores, monitoreo y\nseguimiento acorde a las tendencias del siglo XXI, considerando para ello una\nmirada integral a nivel personal, social-comunitario y econ\u00f3mico.<o:p><\/o:p><\/p>\n\n\n\n\n\n\n\n<h2 style=\"color: rgb(0, 138, 0);\">Objetivos<\/h2>\n\n\n\n\n<div>\n\n<table cellspacing=\"0\" cellpadding=\"0\" hspace=\"0\" vspace=\"0\" align=\"left\">\n <tbody><tr>\n  <td valign=\"top\" align=\"left\" style=\"padding-top:0cm;padding-right:7.05pt;\n  padding-bottom:0cm;padding-left:7.05pt\">\n  <p class=\"MsoNormal\" style=\"text-align:justify;line-height:normal;mso-layout-grid-align:\n  none;text-autospace:none;mso-element:frame;mso-element-frame-hspace:7.05pt;\n  mso-element-wrap:around;mso-element-anchor-vertical:paragraph;mso-element-anchor-horizontal:\n  margin;mso-element-left:35.2pt;mso-element-top:1.2pt;mso-height-rule:exactly\"><span lang=\"ES-MX\">Mayor integraci\u00f3n en el mercado laboral de los\n  j\u00f3venes (18 &#8211; 30 a\u00f1os) con especial atenci\u00f3n a las mujeres j\u00f3venes de grupos\n  socialmente vulnerables, mediante la promoci\u00f3n de oportunidades sostenibles\n  de empleo y emprendimiento en los municipios de Achocalla, El Alto, Viacha y\n  La Paz del departamento de La Paz.<\/span><span style=\"font-size:10.0pt;\n  font-family:&quot;Arial&quot;,sans-serif;mso-ansi-language:ES-BO\"><o:p><\/o:p><\/span><\/p>\n  <\/td>\n <\/tr>\n<\/tbody><\/table>\n\n<\/div>\n\n\n\n\n\n\n<p>Los j\u00f3venes de los Centros de Educaci\u00f3n Alternativa y de los Institutos T\u00e9cnicos reciben formaci\u00f3n t\u00e9cnica, educaci\u00f3n financiera, habilidades blandas y formaci\u00f3n en empleabilidad para mejorar su integraci\u00f3n en el mercado laboral.<\/p>\n\n\n\n\n\n\n<p>Los j\u00f3venes empresarios adoptan pr\u00e1cticas de econom\u00eda circular y verde en sus microempresas y peque\u00f1as empresas<\/p>\n\n\n\n\n\n\n<p>Fortalecimiento de las pol\u00edticas y pr\u00e1cticas locales de empleo: Establecer y\/o consolidar una plataforma de promoci\u00f3n de oportunidades de empleo accesible a mujeres y j\u00f3venes, y alineada con las pol\u00edticas nacionales y locales.<\/p>\n\n\n\n\n\n\n\n\n\n\n<h2 style=\"color: rgb(255, 255, 255);\"><u>Resultados<\/u><\/h2>\n\n\n\n\n\n\n\n\n\n\n\n\n\n<h2 style=\"color: rgb(255, 255, 255);\">Lecciones aprendidas a la fecha<\/h2>\n\n\n\n\n\n\n\n<p><ul style=\"color: rgb(255, 255, 255);\"><li style=\"text-align: justify;\">La relevancia de fortalecer las competencias socioemocionales, ya que habilidades como la comunicaci\u00f3n, la resoluci\u00f3n de problemas y el trabajo en equipo han demostrado ser determinantes para que los j\u00f3venes se integren y permanezcan en los entornos laborales. Estas habilidades no solo potencian su desempe\u00f1o, sino que tambi\u00e9n incrementan su confianza, especialmente durante las entrevistas laborales y en sus primeras experiencias de trabajo.<\/li><li style=\"text-align: justify;\">Estas competencias, de empleabilidad y socioemocionales, no son parte del proceso curricular de los Institutos t\u00e9cnicos y CEAs.<\/li><li style=\"text-align: justify;\">El apoyo familiar ha sido identificado como un factor clave en el bienestar de los j\u00f3venes, brind\u00e1ndoles estabilidad emocional y respaldo para enfrentar los retos laborales<\/li><li style=\"text-align: justify;\">Las dificultades econ\u00f3micas contin\u00faan siendo un desaf\u00edo importante, ya que la falta de recursos para cubrir gastos b\u00e1sicos, como transporte o cuidado infantil, puede poner en peligro la estabilidad laboral de los j\u00f3venes.<\/li><li style=\"text-align: justify;\">La actual recesi\u00f3n econ\u00f3mica y la inestabilidad en el mercado laboral representan retos adicionales, ya que muchas empresas han reducido sus contrataciones o incluso despedido personal, lo que impacta tanto a los j\u00f3venes como a sus familias<\/li><\/ul><\/p><p style=\"text-align: justify;\"><br><\/p>\n\n\n\n\n\n\n<h2>Testimonios del proyecto<\/h2>\n\n\n\n\n\n\n\n\n\n\n\n\n\n","protected":false},"excerpt":{"rendered":"","protected":false},"author":1,"featured_media":0,"parent":0,"menu_order":0,"comment_status":"closed","ping_status":"closed","template":"","meta":{"pagelayer_contact_templates":[],"_pagelayer_content":"","footnotes":""},"class_list":["post-379","page","type-page","status-publish","hentry"],"_links":{"self":[{"href":"https:\/\/serfamiliabolivia.org\/index.php?rest_route=\/wp\/v2\/pages\/379","targetHints":{"allow":["GET"]}}],"collection":[{"href":"https:\/\/serfamiliabolivia.org\/index.php?rest_route=\/wp\/v2\/pages"}],"about":[{"href":"https:\/\/serfamiliabolivia.org\/index.php?rest_route=\/wp\/v2\/types\/page"}],"author":[{"embeddable":true,"href":"https:\/\/serfamiliabolivia.org\/index.php?rest_route=\/wp\/v2\/users\/1"}],"replies":[{"embeddable":true,"href":"https:\/\/serfamiliabolivia.org\/index.php?rest_route=%2Fwp%2Fv2%2Fcomments&post=379"}],"version-history":[{"count":82,"href":"https:\/\/serfamiliabolivia.org\/index.php?rest_route=\/wp\/v2\/pages\/379\/revisions"}],"predecessor-version":[{"id":2455,"href":"https:\/\/serfamiliabolivia.org\/index.php?rest_route=\/wp\/v2\/pages\/379\/revisions\/2455"}],"wp:attachment":[{"href":"https:\/\/serfamiliabolivia.org\/index.php?rest_route=%2Fwp%2Fv2%2Fmedia&parent=379"}],"curies":[{"name":"wp","href":"https:\/\/api.w.org\/{rel}","templated":true}]}}