{"id":58,"date":"2024-07-29T18:16:13","date_gmt":"2024-07-29T22:16:13","guid":{"rendered":"https:\/\/serfamiliabolivia.org\/?page_id=58"},"modified":"2025-05-22T16:01:16","modified_gmt":"2025-05-22T20:01:16","slug":"exposiciones-internacionales","status":"publish","type":"page","link":"https:\/\/serfamiliabolivia.org\/?page_id=58","title":{"rendered":"Exposiciones Internacionales"},"content":{"rendered":"\n\n\n<h2>Exposiciones Internacionales<\/h2>\n\n\n\n\n<strong>Fundaci\u00f3n Ser Familia <\/strong>ha sido invitada a compartir sus experiencias exitosas en Bolivia en foros internacionales en pa\u00edses como <strong>Espa\u00f1a, Per\u00fa, Brasil, Canad\u00e1, EU.UU, Colombia, Argentina y Uruguay<\/strong> organizados por entidades como el <strong>BID, Liga Iberoamericana y CLACSO.<\/strong> Sus ponencias abordan la <strong>intermediaci\u00f3n laboral<\/strong> como herramienta para promover <strong>empleos y emprendimientos sostenibles <\/strong>en j\u00f3venes vulnerables, integrnado el desarrollo econ\u00f3mico-productivo con el desarrollo social-humano, bajo enfoques de g\u00e9nero, interculturalidad, sostenibilidad y el concepto de \u00abvivir bien\u00bb.\n\n\n\n\n<h4>Actividades<\/h4>\n\n\n\n\n\n\n\n\n<p><strong>Novena Asamblea Mundial de CIVICUS. Por la justicia social y econ\u00f3mica. Montreal Canad\u00e1 2010<\/strong><\/p>\n\n\n\n\n\n\n\n\n\n\n\n<p><strong style=\"color: rgb(255, 255, 255);\">Encuentro Iberoamericano de Universidades Emprendedoras. Bogot\u00e1 &#8211; Colombia 2014<\/strong><\/p>\n\n\n\n\n\n<p><strong>Encuentro preparatorio Andino para el encuentro de Ministros del \u00c1rea. OIJ &#8211; OIT &#8211; INJUVE &#8211; UNFPA. Lima &#8211; Per\u00fa 2014<\/strong><\/p>\n\n\n\n\n\n\n\n<p><strong style=\"color: rgb(255, 255, 255);\">El Salvador<\/strong><\/p>\n\n<p><strong style=\"color: rgb(255, 255, 255);\">Espa\u00f1a &#8211; Barcelona<\/strong><\/p>\n\n\n\n<p><strong style=\"color: rgb(255, 255, 255);\">Haiti<\/strong><\/p>\n\n\n<p><strong style=\"color: rgb(255, 255, 255);\">Brasil &#8211; Sao Paulo<\/strong><\/p>\n\n\n\n\n\n\n\n","protected":false},"excerpt":{"rendered":"","protected":false},"author":1,"featured_media":0,"parent":0,"menu_order":0,"comment_status":"closed","ping_status":"closed","template":"","meta":{"pagelayer_contact_templates":[],"_pagelayer_content":"","footnotes":""},"class_list":["post-58","page","type-page","status-publish","hentry"],"_links":{"self":[{"href":"https:\/\/serfamiliabolivia.org\/index.php?rest_route=\/wp\/v2\/pages\/58","targetHints":{"allow":["GET"]}}],"collection":[{"href":"https:\/\/serfamiliabolivia.org\/index.php?rest_route=\/wp\/v2\/pages"}],"about":[{"href":"https:\/\/serfamiliabolivia.org\/index.php?rest_route=\/wp\/v2\/types\/page"}],"author":[{"embeddable":true,"href":"https:\/\/serfamiliabolivia.org\/index.php?rest_route=\/wp\/v2\/users\/1"}],"replies":[{"embeddable":true,"href":"https:\/\/serfamiliabolivia.org\/index.php?rest_route=%2Fwp%2Fv2%2Fcomments&post=58"}],"version-history":[{"count":23,"href":"https:\/\/serfamiliabolivia.org\/index.php?rest_route=\/wp\/v2\/pages\/58\/revisions"}],"predecessor-version":[{"id":2054,"href":"https:\/\/serfamiliabolivia.org\/index.php?rest_route=\/wp\/v2\/pages\/58\/revisions\/2054"}],"wp:attachment":[{"href":"https:\/\/serfamiliabolivia.org\/index.php?rest_route=%2Fwp%2Fv2%2Fmedia&parent=58"}],"curies":[{"name":"wp","href":"https:\/\/api.w.org\/{rel}","templated":true}]}}

<h2>Exposiciones Internacionales</h2>




<strong>Fundación Ser Familia </strong>ha sido invitada a compartir sus experiencias exitosas en Bolivia en foros internacionales en países como <strong>España, Perú, Brasil, Canadá, EU.UU, Colombia, Argentina y Uruguay</strong> organizados por entidades como el <strong>BID, Liga Iberoamericana y CLACSO.</strong> Sus ponencias abordan la <strong>intermediación laboral</strong> como herramienta para promover <strong>empleos y emprendimientos sostenibles </strong>en jóvenes vulnerables, integrnado el desarrollo económico-productivo con el desarrollo social-humano, bajo enfoques de género, interculturalidad, sostenibilidad y el concepto de «vivir bien».




<h4>Actividades</h4>








<p><strong>Novena Asamblea Mundial de CIVICUS. Por la justicia social y económica. Montreal Canadá 2010</strong></p>











<p><strong style="color: rgb(255, 255, 255);">Encuentro Iberoamericano de Universidades Emprendedoras. Bogotá &#8211; Colombia 2014</strong></p>





<p><strong>Encuentro preparatorio Andino para el encuentro de Ministros del Área. OIJ &#8211; OIT &#8211; INJUVE &#8211; UNFPA. Lima &#8211; Perú 2014</strong></p>







<p><strong style="color: rgb(255, 255, 255);">El Salvador</strong></p>

<p><strong style="color: rgb(255, 255, 255);">España &#8211; Barcelona</strong></p>



<p><strong style="color: rgb(255, 255, 255);">Haiti</strong></p>


<p><strong style="color: rgb(255, 255, 255);">Brasil &#8211; Sao Paulo</strong></p>
